{"id":14,"date":"2020-06-11T17:31:25","date_gmt":"2020-06-11T17:31:25","guid":{"rendered":"https:\/\/www.ignaciosanchezmejias.es\/?page_id=14"},"modified":"2025-03-05T12:49:00","modified_gmt":"2025-03-05T12:49:00","slug":"acerca-de","status":"publish","type":"page","link":"https:\/\/www.ignaciosanchezmejias.es\/index.php\/acerca-de\/","title":{"rendered":"Acerca de"},"content":{"rendered":"\n<p>Ignacio S\u00e1nchez-Mej\u00edas Herrero<\/p>\n\n\n\n<p>Licenciado en Ciencias Econ\u00f3micas y Empresariales por la Universidad de Sevilla (1978). Diplomado en Alta Direcci\u00f3n de Empresas por STBS (1990).<\/p>\n\n\n\n<p>Profesional de la Auditor\u00eda y la Consultor\u00eda Empresarial. Gerente de la firma multinacional Arthur Andersen (1979-1993), socio director del despacho de Sevilla de la firma nacional RSM Gass\u00f3 Auditores (1993-2009). Desde 2009 socio director de la firma SM&amp;T Auditores.<\/p>\n\n\n\n<p>Profesor asociado de la Universidad de Sevilla (desde 1990) y de Universidad Loyola Andaluc\u00eda (desde 2015), impartiendo materias de auditor\u00eda en Licenciatura, Grado y M\u00e1ster.<\/p>\n\n\n\n<p>Imparte cursos de formaci\u00f3n en los centros de Arthur Andersen tanto nacional, como europeo e internacional en Illinois (USA). Instructor en cursos de acceso al Registro de Economistas Auditores y al Registro Oficial de Auditores de Cuentas y en cursos del Colegio de Economistas de Sevilla, C\u00e1mara de Cuentas de Andaluc\u00eda y otros organismos. <\/p>\n\n\n\n<ul class=\"wp-block-list\">\n<li>Auditor inscrito en el Registro Oficial de Auditores de Cuentas<\/li>\n\n\n\n<li>Miembro del Instituto de Censores Jurados de Cuentas de Espa\u00f1a<\/li>\n\n\n\n<li>Miembro de la Junta de Gobierno del Colegio Profesional de Economistas de Sevilla<\/li>\n\n\n\n<li>Miembro de Registro de Economistas Contables, del Registro de Economistas Forenses y del Registro de Economistas Mediadores<\/li>\n\n\n\n<li>Auditor de Sistemas de Informaci\u00f3n y Comunicaci\u00f3n<\/li>\n\n\n\n<li>Miembro de la Asociaci\u00f3n Espa\u00f1ola de Profesores de Contabilidad<\/li>\n\n\n\n<li>Coautor del libro \u00abFundamentos Te\u00f3ricos de Auditor\u00eda Financiera\u00bb<\/li>\n<\/ul>\n\n\n\n<p>Jubilado de todo esto en 2020<\/p>\n\n\n\n<p>Responsable desde 2008 a 2020 del blog taurino de abcdesevilla.es \u00abDesde el tendido 2\u00bb, cuyos art\u00edculos de los festejos de la Feria de Abril se han publicado en la edici\u00f3n impresa de ABC de Sevilla durante nueve a\u00f1os<\/p>\n\n\n\n<ul class=\"wp-block-list\">\n<li>Miembro del casino \u00abTertulia Los 40\u00bb<\/li>\n\n\n\n<li>Socio de Honor de la Tertulia Taurina Universitaria de Sevilla<\/li>\n\n\n\n<li>Fundador y presidente de la Tertulia Taurina de Economistas \u00abEr 78\u00bb<\/li>\n\n\n\n<li>Miembro de Honor de la C\u00e1tedra Libre de Cultura Andaluza de la Universidad de La Plata (Argentina) y del Consejo Argentino para las Relaciones con Andaluc\u00eda<\/li>\n\n\n\n<li>Socio Honorario del C\u00edrculo Cultural Taurino Ignacio S\u00e1nchez Mej\u00edas de Manzanares (Ciudad Real)<\/li>\n\n\n\n<li>Socio colaborador de la Fundaci\u00f3n de Estudios Taurinos de la Real Maestranza de Caballer\u00eda de Sevilla<\/li>\n\n\n\n<li>Miembro del Consejo Asesor de la Fundaci\u00f3n del Toro de Lidia<\/li>\n<\/ul>\n\n\n\n<p>Desde febrero de 2020, secretario del Consejo Provincial de Sevilla de la Asociaci\u00f3n Espa\u00f1ola Contra el C\u00e1ncer.<\/p>\n\n\n\n<p>&nbsp;<\/p>\n","protected":false},"excerpt":{"rendered":"<p>Ignacio S\u00e1nchez-Mej\u00edas Herrero Licenciado en Ciencias Econ\u00f3micas y Empresariales por la Universidad de Sevilla (1978). Diplomado en Alta Direcci\u00f3n de Empresas por STBS (1990). Profesional de la Auditor\u00eda y la Consultor\u00eda Empresarial. Gerente de la firma multinacional Arthur Andersen (1979-1993), socio director del despacho de Sevilla de la firma nacional RSM Gass\u00f3 Auditores (1993-2009). Desde [&hellip;]<\/p>\n","protected":false},"author":1,"featured_media":359,"parent":0,"menu_order":0,"comment_status":"closed","ping_status":"closed","template":"","meta":{"footnotes":""},"class_list":["post-14","page","type-page","status-publish","has-post-thumbnail","hentry"],"yoast_head":"<!-- This site is optimized with the Yoast SEO plugin v27.5 - https:\/\/yoast.com\/product\/yoast-seo-wordpress\/ -->\n<title>Acerca de - Sitio web de Ignacio S\u00e1nchez-Mej\u00edas Herrero<\/title>\n<meta name=\"robots\" content=\"index, follow, max-snippet:-1, max-image-preview:large, max-video-preview:-1\" \/>\n<link rel=\"canonical\" href=\"https:\/\/www.ignaciosanchezmejias.es\/index.php\/acerca-de\/\" \/>\n<meta property=\"og:locale\" content=\"es_ES\" \/>\n<meta property=\"og:type\" content=\"article\" \/>\n<meta property=\"og:title\" content=\"Acerca de - Sitio web de Ignacio S\u00e1nchez-Mej\u00edas Herrero\" \/>\n<meta property=\"og:description\" content=\"Ignacio S\u00e1nchez-Mej\u00edas Herrero Licenciado en Ciencias Econ\u00f3micas y Empresariales por la Universidad de Sevilla (1978). Diplomado en Alta Direcci\u00f3n de Empresas por STBS (1990). Profesional de la Auditor\u00eda y la Consultor\u00eda Empresarial. Gerente de la firma multinacional Arthur Andersen (1979-1993), socio director del despacho de Sevilla de la firma nacional RSM Gass\u00f3 Auditores (1993-2009). Desde [&hellip;]\" \/>\n<meta property=\"og:url\" content=\"https:\/\/www.ignaciosanchezmejias.es\/index.php\/acerca-de\/\" \/>\n<meta property=\"og:site_name\" content=\"Sitio web de Ignacio S\u00e1nchez-Mej\u00edas Herrero\" \/>\n<meta property=\"article:modified_time\" content=\"2025-03-05T12:49:00+00:00\" \/>\n<meta property=\"og:image\" content=\"https:\/\/www.ignaciosanchezmejias.es\/wp-content\/uploads\/2020\/10\/Conferencia.jpg\" \/>\n\t<meta property=\"og:image:width\" content=\"483\" \/>\n\t<meta property=\"og:image:height\" content=\"555\" \/>\n\t<meta property=\"og:image:type\" content=\"image\/jpeg\" \/>\n<meta name=\"twitter:card\" content=\"summary_large_image\" \/>\n<meta name=\"twitter:label1\" content=\"Tiempo de lectura\" \/>\n\t<meta name=\"twitter:data1\" content=\"2 minutos\" \/>\n<script type=\"application\/ld+json\" class=\"yoast-schema-graph\">{\"@context\":\"https:\\\/\\\/schema.org\",\"@graph\":[{\"@type\":\"WebPage\",\"@id\":\"https:\\\/\\\/www.ignaciosanchezmejias.es\\\/index.php\\\/acerca-de\\\/\",\"url\":\"https:\\\/\\\/www.ignaciosanchezmejias.es\\\/index.php\\\/acerca-de\\\/\",\"name\":\"Acerca de - Sitio web de Ignacio S\u00e1nchez-Mej\u00edas Herrero\",\"isPartOf\":{\"@id\":\"https:\\\/\\\/www.ignaciosanchezmejias.es\\\/#website\"},\"primaryImageOfPage\":{\"@id\":\"https:\\\/\\\/www.ignaciosanchezmejias.es\\\/index.php\\\/acerca-de\\\/#primaryimage\"},\"image\":{\"@id\":\"https:\\\/\\\/www.ignaciosanchezmejias.es\\\/index.php\\\/acerca-de\\\/#primaryimage\"},\"thumbnailUrl\":\"https:\\\/\\\/www.ignaciosanchezmejias.es\\\/wp-content\\\/uploads\\\/2020\\\/10\\\/Conferencia.jpg\",\"datePublished\":\"2020-06-11T17:31:25+00:00\",\"dateModified\":\"2025-03-05T12:49:00+00:00\",\"breadcrumb\":{\"@id\":\"https:\\\/\\\/www.ignaciosanchezmejias.es\\\/index.php\\\/acerca-de\\\/#breadcrumb\"},\"inLanguage\":\"es\",\"potentialAction\":[{\"@type\":\"ReadAction\",\"target\":[\"https:\\\/\\\/www.ignaciosanchezmejias.es\\\/index.php\\\/acerca-de\\\/\"]}]},{\"@type\":\"ImageObject\",\"inLanguage\":\"es\",\"@id\":\"https:\\\/\\\/www.ignaciosanchezmejias.es\\\/index.php\\\/acerca-de\\\/#primaryimage\",\"url\":\"https:\\\/\\\/www.ignaciosanchezmejias.es\\\/wp-content\\\/uploads\\\/2020\\\/10\\\/Conferencia.jpg\",\"contentUrl\":\"https:\\\/\\\/www.ignaciosanchezmejias.es\\\/wp-content\\\/uploads\\\/2020\\\/10\\\/Conferencia.jpg\",\"width\":483,\"height\":555},{\"@type\":\"BreadcrumbList\",\"@id\":\"https:\\\/\\\/www.ignaciosanchezmejias.es\\\/index.php\\\/acerca-de\\\/#breadcrumb\",\"itemListElement\":[{\"@type\":\"ListItem\",\"position\":1,\"name\":\"Portada\",\"item\":\"https:\\\/\\\/www.ignaciosanchezmejias.es\\\/\"},{\"@type\":\"ListItem\",\"position\":2,\"name\":\"Acerca de\"}]},{\"@type\":\"WebSite\",\"@id\":\"https:\\\/\\\/www.ignaciosanchezmejias.es\\\/#website\",\"url\":\"https:\\\/\\\/www.ignaciosanchezmejias.es\\\/\",\"name\":\"Blog de Ignacio S\u00e1nchez-Mej\u00edas\",\"description\":\"Sitio personal ISM\",\"publisher\":{\"@id\":\"https:\\\/\\\/www.ignaciosanchezmejias.es\\\/#\\\/schema\\\/person\\\/494d20bda3404108c02016d5e608fc65\"},\"potentialAction\":[{\"@type\":\"SearchAction\",\"target\":{\"@type\":\"EntryPoint\",\"urlTemplate\":\"https:\\\/\\\/www.ignaciosanchezmejias.es\\\/?s={search_term_string}\"},\"query-input\":{\"@type\":\"PropertyValueSpecification\",\"valueRequired\":true,\"valueName\":\"search_term_string\"}}],\"inLanguage\":\"es\"},{\"@type\":[\"Person\",\"Organization\"],\"@id\":\"https:\\\/\\\/www.ignaciosanchezmejias.es\\\/#\\\/schema\\\/person\\\/494d20bda3404108c02016d5e608fc65\",\"name\":\"isanchezmejias\",\"image\":{\"@type\":\"ImageObject\",\"inLanguage\":\"es\",\"@id\":\"https:\\\/\\\/www.ignaciosanchezmejias.es\\\/wp-content\\\/uploads\\\/2020\\\/06\\\/cropped-Yo-antes.jpg\",\"url\":\"https:\\\/\\\/www.ignaciosanchezmejias.es\\\/wp-content\\\/uploads\\\/2020\\\/06\\\/cropped-Yo-antes.jpg\",\"contentUrl\":\"https:\\\/\\\/www.ignaciosanchezmejias.es\\\/wp-content\\\/uploads\\\/2020\\\/06\\\/cropped-Yo-antes.jpg\",\"width\":681,\"height\":482,\"caption\":\"isanchezmejias\"},\"logo\":{\"@id\":\"https:\\\/\\\/www.ignaciosanchezmejias.es\\\/wp-content\\\/uploads\\\/2020\\\/06\\\/cropped-Yo-antes.jpg\"},\"sameAs\":[\"https:\\\/\\\/www.ignaciosanchezmejias.es\"]}]}<\/script>\n<!-- \/ Yoast SEO plugin. -->","yoast_head_json":{"title":"Acerca de - Sitio web de Ignacio S\u00e1nchez-Mej\u00edas Herrero","robots":{"index":"index","follow":"follow","max-snippet":"max-snippet:-1","max-image-preview":"max-image-preview:large","max-video-preview":"max-video-preview:-1"},"canonical":"https:\/\/www.ignaciosanchezmejias.es\/index.php\/acerca-de\/","og_locale":"es_ES","og_type":"article","og_title":"Acerca de - Sitio web de Ignacio S\u00e1nchez-Mej\u00edas Herrero","og_description":"Ignacio S\u00e1nchez-Mej\u00edas Herrero Licenciado en Ciencias Econ\u00f3micas y Empresariales por la Universidad de Sevilla (1978). Diplomado en Alta Direcci\u00f3n de Empresas por STBS (1990). Profesional de la Auditor\u00eda y la Consultor\u00eda Empresarial. Gerente de la firma multinacional Arthur Andersen (1979-1993), socio director del despacho de Sevilla de la firma nacional RSM Gass\u00f3 Auditores (1993-2009). Desde [&hellip;]","og_url":"https:\/\/www.ignaciosanchezmejias.es\/index.php\/acerca-de\/","og_site_name":"Sitio web de Ignacio S\u00e1nchez-Mej\u00edas Herrero","article_modified_time":"2025-03-05T12:49:00+00:00","og_image":[{"width":483,"height":555,"url":"https:\/\/www.ignaciosanchezmejias.es\/wp-content\/uploads\/2020\/10\/Conferencia.jpg","type":"image\/jpeg"}],"twitter_card":"summary_large_image","twitter_misc":{"Tiempo de lectura":"2 minutos"},"schema":{"@context":"https:\/\/schema.org","@graph":[{"@type":"WebPage","@id":"https:\/\/www.ignaciosanchezmejias.es\/index.php\/acerca-de\/","url":"https:\/\/www.ignaciosanchezmejias.es\/index.php\/acerca-de\/","name":"Acerca de - Sitio web de Ignacio S\u00e1nchez-Mej\u00edas Herrero","isPartOf":{"@id":"https:\/\/www.ignaciosanchezmejias.es\/#website"},"primaryImageOfPage":{"@id":"https:\/\/www.ignaciosanchezmejias.es\/index.php\/acerca-de\/#primaryimage"},"image":{"@id":"https:\/\/www.ignaciosanchezmejias.es\/index.php\/acerca-de\/#primaryimage"},"thumbnailUrl":"https:\/\/www.ignaciosanchezmejias.es\/wp-content\/uploads\/2020\/10\/Conferencia.jpg","datePublished":"2020-06-11T17:31:25+00:00","dateModified":"2025-03-05T12:49:00+00:00","breadcrumb":{"@id":"https:\/\/www.ignaciosanchezmejias.es\/index.php\/acerca-de\/#breadcrumb"},"inLanguage":"es","potentialAction":[{"@type":"ReadAction","target":["https:\/\/www.ignaciosanchezmejias.es\/index.php\/acerca-de\/"]}]},{"@type":"ImageObject","inLanguage":"es","@id":"https:\/\/www.ignaciosanchezmejias.es\/index.php\/acerca-de\/#primaryimage","url":"https:\/\/www.ignaciosanchezmejias.es\/wp-content\/uploads\/2020\/10\/Conferencia.jpg","contentUrl":"https:\/\/www.ignaciosanchezmejias.es\/wp-content\/uploads\/2020\/10\/Conferencia.jpg","width":483,"height":555},{"@type":"BreadcrumbList","@id":"https:\/\/www.ignaciosanchezmejias.es\/index.php\/acerca-de\/#breadcrumb","itemListElement":[{"@type":"ListItem","position":1,"name":"Portada","item":"https:\/\/www.ignaciosanchezmejias.es\/"},{"@type":"ListItem","position":2,"name":"Acerca de"}]},{"@type":"WebSite","@id":"https:\/\/www.ignaciosanchezmejias.es\/#website","url":"https:\/\/www.ignaciosanchezmejias.es\/","name":"Blog de Ignacio S\u00e1nchez-Mej\u00edas","description":"Sitio personal ISM","publisher":{"@id":"https:\/\/www.ignaciosanchezmejias.es\/#\/schema\/person\/494d20bda3404108c02016d5e608fc65"},"potentialAction":[{"@type":"SearchAction","target":{"@type":"EntryPoint","urlTemplate":"https:\/\/www.ignaciosanchezmejias.es\/?s={search_term_string}"},"query-input":{"@type":"PropertyValueSpecification","valueRequired":true,"valueName":"search_term_string"}}],"inLanguage":"es"},{"@type":["Person","Organization"],"@id":"https:\/\/www.ignaciosanchezmejias.es\/#\/schema\/person\/494d20bda3404108c02016d5e608fc65","name":"isanchezmejias","image":{"@type":"ImageObject","inLanguage":"es","@id":"https:\/\/www.ignaciosanchezmejias.es\/wp-content\/uploads\/2020\/06\/cropped-Yo-antes.jpg","url":"https:\/\/www.ignaciosanchezmejias.es\/wp-content\/uploads\/2020\/06\/cropped-Yo-antes.jpg","contentUrl":"https:\/\/www.ignaciosanchezmejias.es\/wp-content\/uploads\/2020\/06\/cropped-Yo-antes.jpg","width":681,"height":482,"caption":"isanchezmejias"},"logo":{"@id":"https:\/\/www.ignaciosanchezmejias.es\/wp-content\/uploads\/2020\/06\/cropped-Yo-antes.jpg"},"sameAs":["https:\/\/www.ignaciosanchezmejias.es"]}]}},"_links":{"self":[{"href":"https:\/\/www.ignaciosanchezmejias.es\/index.php\/wp-json\/wp\/v2\/pages\/14","targetHints":{"allow":["GET"]}}],"collection":[{"href":"https:\/\/www.ignaciosanchezmejias.es\/index.php\/wp-json\/wp\/v2\/pages"}],"about":[{"href":"https:\/\/www.ignaciosanchezmejias.es\/index.php\/wp-json\/wp\/v2\/types\/page"}],"author":[{"embeddable":true,"href":"https:\/\/www.ignaciosanchezmejias.es\/index.php\/wp-json\/wp\/v2\/users\/1"}],"replies":[{"embeddable":true,"href":"https:\/\/www.ignaciosanchezmejias.es\/index.php\/wp-json\/wp\/v2\/comments?post=14"}],"version-history":[{"count":28,"href":"https:\/\/www.ignaciosanchezmejias.es\/index.php\/wp-json\/wp\/v2\/pages\/14\/revisions"}],"predecessor-version":[{"id":7499,"href":"https:\/\/www.ignaciosanchezmejias.es\/index.php\/wp-json\/wp\/v2\/pages\/14\/revisions\/7499"}],"wp:featuredmedia":[{"embeddable":true,"href":"https:\/\/www.ignaciosanchezmejias.es\/index.php\/wp-json\/wp\/v2\/media\/359"}],"wp:attachment":[{"href":"https:\/\/www.ignaciosanchezmejias.es\/index.php\/wp-json\/wp\/v2\/media?parent=14"}],"curies":[{"name":"wp","href":"https:\/\/api.w.org\/{rel}","templated":true}]}}